ose 0 = -11*g + 1210 - m. Suppose 73*h = g*h - 44. Calculate the remainder when 74 is divided by h.
8
Suppose 7*z = -7*z + 7*z + 322. Calculate the remainder when 131 is divided by z.
39
Calculate the remainder when (-2 - -3)*(337 - (4 - -2)) is divided by 9.
7
Let t(c) = c**3 - 4*c**2 - 11*c - 37. Calculate the remainder when t(7) is divided by 17.
16
Suppose 364*y = -114*y + 103248. What is the remainder when 611 is divided by y?
179
Suppose -732 - 3444 = -261*w. Let y = 62 + -18. What is the remainder when y is divided by w?
12
Suppose 363 = 21960*v - 21957*v. Calculate the remainder when 6532 is divided by v.
119
Let u = -753 + 778. Let z(s) = 142*s**2 + 1. Let q be z(1). Suppose q + u = b. What is the remainder when b is divided by 34?
32
Let q = 63 + -31. What is the remainder when (13 - 10)*-3 + (-52)/(-1) is divided by q?
11
Suppose 504 = 13*r - 198. Suppose 4*p - 3*j = 1286, 3*j + 140 = p - 177. Calculate the remainder when p is divided by r.
53
Suppose -w = g - 3638, 20 - 16 = w. Calculate the remainder when g is divided by 906.
10
Let l(n) = 2861*n**2 + 89*n - 148. Calculate the remainder when l(2) is divided by 75.
74
Let q be (46/69)/((-4)/6). Let f(x) = -43*x**3 - 2*x + 2*x**2 - 1 - 3*x**2 + 12*x**3. Calculate the remainder when f(q) is divided by 11.
9
Suppose -21*s + 110 = -121*s + 1910. What is the remainder when 1007 is divided by s?
17
What is the remainder when 1162 is divided by 30 - ((-171)/(-399) + (-3)/7)?
22
Let f be (-16)/(-3) - 4/12. Suppose -3728 = x - f*x. Suppose x = 11*u + 41. What is the remainder when u is divided by 41?
40
Suppose 11*n - 10*n = 570. Calculate the remainder when n is divided by 238.
94
Let u(y) = -24*y - 11*y - 1 - 6 - 3 + 0. What is the remainder when u(-4) is divided by 26?
0
Suppose 3*x = 4*m - 444, 5*x - 164 - 140 = -3*m. Calculate the remainder when 6261 is divided by m.
105
Suppose 3*i = -25 + 226. Suppose 89 = -3*f + 4*f. Let c = f + -74. Calculate the remainder when i is divided by c.
7
Suppose -636 = -3*a - 3*d, -182 = 13*a - 14*a + 5*d. What is the remainder when a is divided by 75?
57
Suppose 4*r - 121 = 119. Suppose 13*u - 12*u - 117 = 0. What is the remainder when u is divided by r?
57
Suppose -2*z = -8, 0 = 5*w - 4*z - 599 + 125. Suppose 103*s - 100 = w*s. What is the remainder when 197 is divided by s?
17
Suppose 2184 = 2*i + 4*u, 4403 = 4*i - 123*u + 124*u. Calculate the remainder when i is divided by 46.
44
Let i be -4 - (-7)/((-14)/(-20)). Let v = i + 1. What is the remainder when 440/30 - 4 - 1/(-3) is divided by v?
4
Suppose k + 9 = 4*k. Let a(v) = 2*v**2 + 2. Suppose 7065*m - 7233*m = -16464. What is the remainder when m is divided by a(k)?
18
Let r = -4 + 19. Let p(v) = -v**3 - 17*v**2 - 70*v + 43. What is the remainder when p(-10) is divided by r?
13
Let t = 18180 + -17764. Calculate the remainder when t is divided by 18.
2
Suppose -31*i + 381 - 1032 = 0. Let h = 66 - i. Calculate the remainder when h is divided by 11.
10
Suppose 65*y + 20*y - 976 = 24*y. What is the remainder when 4463 is divided by y?
15
Suppose -10*l + 3732 = 2*l. Let j = l + -243. What is the remainder when 404 is divided by j?
64
Let u = 46 - 15. Suppose 3*r = -n + 33, 2*n - u = -4*r + 5*r. Let y = 28 - n. What is the remainder when y is divided by 5?
0
Suppose 76*c - 224 = 44*c. Let z(y) = y**2 + 3*y - 2. Let n be z(-3). Calculate the remainder when 0 + -3 - n - -11 is divided by c.
3
Suppose -2*o = -5*o + 33. Let n be 0/(-2) - -14 - (-9 + 13). Suppose -2*r + 104 = 2*c - n, 2*c - 3*r = 99. Calculate the remainder when c is divided by o.
10
Let c = 47 + -41. Suppose 357 = -c*n - 183. Let x = -32 - n. Calculate the remainder when x is divided by 20.
18
Let o(h) = -h**3 + 13*h**2 + 4*h - 87. What is the remainder when 1690 is divided by o(12)?
10
Suppose 24*b = 25*b - 2. Suppose -b*w = -6*w. What is the remainder when (-3 - w - -1)*(1 + -6) is divided by 3?
1
Suppose -4*q + 5*h + 1506 = 0, -4*h = q - 511 + 124. What is the remainder when q is divided by 96?
91
Suppose j = f - 354, -47*j + 51*j = 2*f - 712. Calculate the remainder when f is divided by 30.
22
Let g = 645 + -640. Suppose -171 = -g*d + 2*f, 3*d - 101 = f + 1. What is the remainder when d is divided by 7?
5
Let r = -2520 + 2726. Calculate the remainder when r is divided by 19.
16
Suppose u - 181 = -162. Suppose 5*w + 0*w - 2*y - 18 = 0, 2*w + 5*y + 16 = 0. Calculate the remainder when u is divided by w.
1
What is the remainder when 2923 is divided by (95/30)/((-8)/(-48))?
16
Suppose 0 = 98*q - 97*q + 128. Calculate the remainder when (-7344)/q - (-9)/(-24) is divided by 30.
27
Suppose 31 = 4*d - 33. Suppose -91*y + 7700 = 84*y. Calculate the remainder when y is divided by d.
12
Let p be (756/49)/(4/14). Let y = 60 - p. Suppose 6*x - 2*x = 28. Calculate the remainder when x is divided by y.
1
Let a(j) = 3*j**2 + 12*j - 10. Suppose 5*i - 35 = -4*m, -i + 60 = 5*m + 2*i. What is the remainder when a(-8) is divided by m?
11
Let g(b) = b**3 - b**2 - 36*b + 113. What is the remainder when 272 is divided by g(4)?
0
Let b(a) = 23*a**3 - 2*a**2 - 2*a + 1. Suppose -6*u + 9 = -4*u - o, -4*o = -3*u + 26. Calculate the remainder when b(u) is divided by 16.
13
Let w = 2691 + 243. What is the remainder when w is divided by 30?
24
Suppose 5*d = 4*d - 33. Let w = d - -54. Suppose 3*n - 216 = -3*a, 2*n - w - 141 = 4*a. Calculate the remainder when n is divided by 26.
23
Suppose -82*n = 59 - 715. Suppose -4*h + 0*a + 958 = -3*a, -5*a = 10. Calculate the remainder when h is divided by n.
6
Suppose -9*p + 5969 + 8791 = 0. Suppose 88 + p = 24*k. What is the remainder when k is divided by 22?
6
Let a(y) = -4*y + 23. Let m be a(1). Let q = -32 + 58. Suppose -m*l + q = -17*l. What is the remainder when 193 is divided by l?
11
Suppose 3*s = 6*s + 16*s - 1235. What is the remainder when 1289 is divided by s?
54
Suppose -54*a = -39*a - 255. Calculate the remainder when 389 is divided by a.
15
Suppose 3*p + 5*r = -16, -20 = -3*p + r - 6. Calculate the remainder when p + (-6 - 10/(-2)) + 47 is divided by 17.
15
Let z(d) = 29*d + 24. Let k(a) = a**2 + 14*a - 722. Calculate the remainder when z(16) is divided by k(-36).
68
What is the remainder when 214 is divided by -61*(6 + -12 - -5)?
31
Suppose -1607*q - 824 = -1615*q. What is the remainder when q is divided by 37?
29
Let y(a) = -a + 6. Let h(l) = l**2 - 6*l - 5. Let d be h(7). Suppose j + 2 = -d. What is the remainder when 28 is divided by y(j)?
8
Let q(f) = -f**3 + f**2 + 8*f + 12. Suppose -30*n = -27*n + 9. What is the remainder when 41 is divided by q(n)?
17
Suppose 12*d - 4*t + 844 = 10*d, -2068 = 5*d + 4*t. Let v = d - -458. Calculate the remainder when v is divided by 17.
8
Suppose -9*h + 44 + 109 = 0. Suppose -r + 2*a = -6*r + 22, 5*r - h = 3*a. Calculate the remainder when 179 is divided by r.
3
Let a = 70 - 26. Let n = a + -15. Suppose -3*u + n + 46 = 0. What is the remainder when u is divided by 15?
10
Let s(j) = -2*j**2 - 5*j - 7. Let y be s(-4). Let u = 10 + y. Let q(z) = z**3 + 10*z**2 + 9*z + 22. What is the remainder when q(u) is divided by 12?
10
What is the remainder when 59 is divided by ((-204)/(-714))/(1 + (-411)/413)?
0
Let m be (0 - 1)/((-2 - -4)/2). Let q be (0 - m)*-2 + 4. Suppose 0*t - 174 = -q*t. What is the remainder when t is divided by 22?
21
Let j be (38/8 - 1)/(2/16). Let v = j - 27. Calculate the remainder when 79 is divided by (9/v - 4) + 22.
16
Let w = 16 + -16. Suppose 0 = -2*b - w + 64. Let q(y) = -67*y - 8. Calculate the remainder when q(-2) is divided by b.
30
Suppose -2*o - 5*g + 16162 = 0, 8084 = o + 7*g - 3*g. What is the remainder when o is divided by 14?
12
Suppose -4950 = 34*c - 114*c - 118*c. Suppose 0 = h + 2, 4*t - 3*t + 2*h = 90. What is the remainder when t is divided by c?
19
Suppose u - 24 = 5*u. Let l = u - -24. Suppose 4*i - s = -i + 345, -i + 5*s = -45. What is the remainder when i is divided by l?
16
Let p(t) = 3*t**2 + 471*t - 2896. Calculate the remainder when p(-170) is divided by 117.
107
Suppose -3352*i + 116 = 2*b - 3348*i, -2*b + 110 = 5*i. Calculate the remainder when 100 is divided by b.
30
Let p = 35 - -113. What is the remainder when 19499/p - (-6)/(-8) is divided by 46?
39
Suppose 75 = 3*g - 87. Suppose 8*s - g = -214. Let m = s - -26. Calculate th